Suppose 69 = j - 5*j + p, 5*j - 5*p + 75 = 0. Let s = j + 25. What is the greatest common divisor of 21 and s?
7
Suppose -2*v - 660 = -7*v. Let d = -18 - -6. Let w be d/((-2 - -1)*1). Calculate the highest common factor of v and w.
12
Suppose 5*k - 299 = 4*x - 0*x, x = -5*k + 319. Suppose 3*i + 4*i = k. What is the highest common factor of 6 and i?
3
Suppose 4*f + 5*v - 714 = 0, -7*f = -5*f + 5*v - 362. Calculate the greatest common factor of f and 110.
22
Suppose -135 = w - 28*w. What is the greatest common factor of w and 20?
5
Let f = -20 - -30. Let s be 86/f*(-7 + 12). Suppose -3*x + s + 35 = 0. What is the greatest common factor of 65 and x?
13
Let a(i) = 12*i - 186. Let b be a(19). What is the highest common divisor of 77 and b?
7
Suppose -2*y - 355 = -7*z + 4*z, -5*y - 25 = 0. What is the greatest common factor of z and 92?
23
Let i(a) = a**3 - 4*a**2 - 4*a - 4. Let l(p) = 6*p - 1. Let g be l(1). Let r be i(g). Calculate the highest common divisor of 7 and r.
1
Let v be 28*2*(-3)/(-6). Let c = v - 25. Suppose -3 = -c*a + 33. What is the greatest common factor of a and 12?
12
Suppose -5*l + 111 = -19. Suppose 22*w = l*w - 440. Calculate the greatest common divisor of w and 44.
22
Suppose 0 = j - 3*j - 3*w + 272, -4*w = j - 126. Suppose 83 = 5*r - j. What is the highest common factor of 18 and r?
9
Let z(l) = 2 + 128*l**2 + 3*l + 1 - 2. Let t be z(-1). Let v = t + -54. Calculate the greatest common factor of v and 9.
9
Suppose -t = -j - 13, 0 = 4*t + 4*j - j - 80. What is the greatest common factor of 153 and t?
17
Suppose 0*f + 20 = 5*f. Let z(d) = f*d**3 - 5*d**3 - d**2 - 3*d + 5 + 0*d**2. Let t be z(-4). What is the greatest common divisor of 13 and t?
13
Suppose 6*p = p - 100. Let b = 19 + p. Let j = b - -6. Calculate the highest common factor of j and 20.
5
Let r(m) = 3*m - 11. Let t(f) = 1. Let y(p) = r(p) + 6*t(p). Let z be y(9). Calculate the greatest common divisor of z and 33.
11
Let f = -15 - -17. Let x be 10*f/15*33/2. What is the greatest common divisor of 154 and x?
22
Let o be -2*(-1)/(-2) + -6. Let f = o - -19. Let z be (-3)/f - 113/(-4). Calculate the highest common factor of 4 and z.
4
Let a = 613 + -603. What is the greatest common factor of 16 and a?
2
Let p be 7/(28/96) + -1. Let o = 58 - p. Let k(u) = 4*u**2 + u. Let m be k(-2). Calculate the highest common divisor of o and m.
7
Let o(k) = k**3 - 2*k**2 - 6*k + 4. Let b be 224/(-84)*(-6)/4. Let q be o(b). What is the greatest common factor of q and 24?
12
Let b = -1360 + 1648. Calculate the highest common factor of b and 504.
72
Let o(b) = -21*b. Let f(w) = 2 - 1 - 1 + 1. Let x(n) = -2*f(n) + o(n). Let a be x(-2). What is the greatest common factor of a and 16?
8
Let a be 3 - (-6 - -4) - 3. Let h be (1 - a)/(-6 + 5). Let c be h - -20 - 14/(-7). Calculate the greatest common divisor of c and 46.
23
Let a be (12/5)/((-3)/10). Let s = 21 + a. Let u(g) = g**3 + 2*g**2 - 6*g - 1. Let d be u(3). What is the greatest common factor of s and d?
13
Suppose -2*i - 44 = -6*i. Let d(j) = -6*j + 2. Let u be d(-7). What is the greatest common divisor of i and u?
11
Suppose 44*v + 6 = 46*v. Suppose -6*p = -5*p - v. What is the greatest common divisor of p and 15?
3
Let k(z) = -z**2 + 54*z - 211. Let x be k(49). Calculate the highest common factor of 442 and x.
34
Suppose 5*a - 2*l - 18 = 0, a - 6*a + 4*l + 16 = 0. Suppose 2*m - 50 = -0*m + 5*s, a*m + 3*s = 48. What is the highest common divisor of 120 and m?
15
Suppose c + s + 2*s = -9, 3*s + 9 = -3*c. Let w be (c - (-14)/(-3))*(-270)/36. Calculate the greatest common factor of 7 and w.
7
Let a = 1083 - 1015. What is the greatest common divisor of 12 and a?
4
Let x be (-1 - (-4 - -3)) + 2. Suppose x*w + 3*w - 100 = 0. Let d = 393 - 233. Calculate the highest common factor of w and d.
20
Suppose 3*n + 301 = 3*y + 4*n, 0 = 2*y + 5*n - 205. Let h(m) = m**3 + 7*m**2 - m + 3. Let r be h(-7). Calculate the greatest common divisor of y and r.
10
Suppose i - 2*i + 7 = -a, 0 = 4*i - 2*a - 24. Suppose -u + 8 = u, 0 = -i*q - 5*u + 405. Calculate the greatest common divisor of 7 and q.
7
Let o = -2440 + 3016. Calculate the highest common divisor of 8 and o.
8
Suppose r - 5*g = 27, 10*r - 7*r + 9 = -3*g. What is the highest common divisor of 49 and r?
1
Let l = 26 + 134. What is the greatest common divisor of 400 and l?
80
Let u = -1 - -5. Suppose 2*m + s = 3*s + 40, m + u*s = 20. Let p be (7 + 1/(-6)*2)*24. What is the highest common divisor of m and p?
20
Let a(u) = -7*u - 28. Let p be a(-22). What is the highest common divisor of p and 14?
14
Let i(w) = -49*w + 1. Let n be i(-1). Let m(u) = u + 12. Let r be m(-6). Suppose r*d - 75 = 5*d. Calculate the highest common factor of d and n.
25
Suppose 3*l + 6 = 0, 0*v = -5*v + 3*l + 14101. Suppose -709 - v = -12*s. What is the highest common divisor of s and 14?
14
Let q(u) = u**3 - 4*u**2 + 10. Let c be q(4). Let g be (-12582)/(-45) + 4/c. Calculate the highest common factor of g and 35.
35
Suppose k = 2*k - 45. Suppose -k = -5*l + 95. Suppose 2*m = -o + 19, -5*m + 5*o + 0*o = -10. Calculate the greatest common divisor of m and l.
7
Let i be 4/24*3*1*-12. Let w be (1 - -1)*(-1 + (-15)/i). What is the highest common divisor of w and 6?
3
Let x be 3 - (-3 + -2 - -3). Suppose 2*t = 4*o - 0*t - 74, -75 = -x*o - t. What is the highest common factor of o and 16?
16
Suppose -101*c = -116*c + 30. Calculate the highest common divisor of 106 and c.
2
Suppose -11103 = -3*x + 8*x - 11703. Suppose 0 = -2*j - j + 72. Calculate the greatest common factor of x and j.
24
Let r be (0 - 3) + (-47)/(-1). Suppose w - 7 = 4*f + 14, 13 = -2*w - 3*f. Let d be 11/w*(2 - 1). Calculate the greatest common factor of r and d.
11
Let j = -8 + 1. Let p(k) be the second derivative of k**4/12 + k**3 - k**2 - 16*k. Let i be p(j). Calculate the highest common factor of 2 and i.
1
Let w be 9/(-1)*(-32)/6. Suppose -37*p = -5*j - 36*p + 65, 0 = 3*j - 2*p - 46. What is the highest common divisor of j and w?
12
Let d = -17 + 24. Let t = -3 + d. Suppose t*p - 200 = -p. Calculate the highest common factor of 8 and p.
8
Suppose -4*j + 3*t + 246 = -354, 2*j = -2*t + 300. Suppose 2*v = 14 + 16. What is the greatest common divisor of v and j?
15
Let x = 236 - 224. What is the greatest common divisor of 204 and x?
12
Let m be (-1)/(0 + -1 - 0). Let b be 3 + (-165)/12 + (-2)/8. Let f = b + 19. Calculate the highest common factor of f and m.
1
Suppose 0 = -w - 2*q + 11, -5*q - 24 = -3*w - 2*q. Let h be -12*12/(-16)*1. Calculate the highest common factor of w and h.
9
Let h(u) = -17*u - 3 + 2*u**2 + 33 - u**2. Let c be h(19). What is the greatest common divisor of 4 and c?
4
Let f(d) = -d**2 - 8*d + 1. Let n be f(-8). Suppose 5*a - 15 = 0, -3*y = -6*y - 2*a + 30. What is the highest common divisor of y and n?
1
Let b be 67 - ((8 - -9) + -9). Calculate the greatest common factor of 236 and b.
59
Suppose 0 = 2*l - 2*d - 10, -l - 3*d + 6 - 1 = 0. Suppose -l*b + 4*u + 20 = 3, -b = u - 7. What is the greatest common factor of b and 55?
5
Let g = -44 - -25. Let o = g - -26. What is the greatest common divisor of o and 1?
1
Let m(j) = -j**3 - j**2 + 2*j + 21. Let b be m(-7). What is the highest common factor of 86 and b?
43
Suppose 3*n = -20 + 236. Suppose -k + 8 = 3*k. Suppose -b - 2*t = 3*b - 72, -k*t = 0. Calculate the highest common factor of b and n.
18
Let o(v) = -2*v + 10. Let c be o(7). Let g = 14 + c. Let w = -34 - -64. What is the greatest common divisor of g and w?
10
Let g be (-2203)/(-9) - (-12)/54. Let o be 5*-1*15/(30/(-14)). Calculate the highest common factor of g and o.
35
Suppose 2 = 5*h - 118. Calculate the highest common factor of 216 and h.
24
Suppose 4*n - 2*r = 74, 47 + 24 = 4*n - 5*r. Suppose 4*j + n = 59. Let o be j*((-100)/(-8))/5. Calculate the highest common divisor of 5 and o.
5
Suppose 3*b + 3*c + 447 = 0, 0*c = 3*b + 5*c + 451. Let l = b + 312. Let u be 146/10 - (-4)/10. What is the greatest common divisor of u and l?
15
Let a be 1/(-4) - (-50)/8. Let q be (-16)/(-10) + 8372/130. Calculate the greatest common factor of a and q.
6
Let t(r) = 12 - 3*r**2 - 4*r - 6*r**3 + 3*r**3 - 9*r**2 + 2*r**3. Let n be t(-12). Calculate the highest common divisor of 90 and n.
30
Let l(n) = -2*n**2 - 48*n + 62. Let k be l(-22). What 